e -2*q + 90 + 70 = y. What is the units digit of q?
0
Let s be (-4 - -746)/(-2 - -4) + 4. Let o = 1112 - s. What is the units digit of o?
7
Let i = -38 - -31. What is the units digit of i + 3 + 80 + 2*2?
0
Let r(g) = -32*g**2 - 2*g - 2. Let w be r(-1). Let c = w - -37. What is the tens digit of 172 - 0*c/10?
7
Let k = -130 - -224. Let v = -76 + k. What is the units digit of (4/v*-3)/((-2)/771)?
7
Let g(d) = -3*d**2 + 2*d - 15. Let w(q) = 4*q**2 - 3*q + 16. Let m(k) = k - 9. Let c be m(14). Let s(j) = c*w(j) + 6*g(j). What is the tens digit of s(-9)?
7
Let l(q) = 4*q**2 + 7*q - 4. Let r be l(-8). Let z = r + -68. Suppose 3*m + 7 = 2*h - 32, 4*m = -4*h + z. What is the units digit of h?
7
Let t = 46 + -36. Suppose 0 = -2*j - p + 231, t*p = 4*j + 9*p - 477. What is the units digit of j?
8
What is the tens digit of (-12)/90 + 52894*(-4)/(-120)?
6
Let f(z) = 4 + 0*z - 3*z - 7*z + 125. What is the units digit of f(11)?
9
Let x(v) = 3*v**2 + 32*v + 53. Let p(b) = 2*b**2 + 16*b + 27. Let c(u) = 10*p(u) - 6*x(u). What is the hundreds digit of c(22)?
2
Suppose -23*a + 40 = -121. Suppose -a*u - 49 = -1211. What is the units digit of u?
6
Let h = -23 + 14. Let a(f) be the second derivative of -10*f**3/3 + 3*f**2/2 + 1215*f. What is the hundreds digit of a(h)?
1
Suppose 4*q + g - 134819 = 0, 4*q - 195*g + 201*g - 134794 = 0. What is the hundreds digit of q?
7
Let h be 54/(0 - -6)*2/(-6). Suppose p - 48 = -3*y - 9, 0 = -2*y + p + 21. What is the units digit of 137 + ((-3)/12)/(h/y)?
8
Let w(o) = 128*o + 388. Let n be w(-3). Let q be 3/(-12) - (-97)/4. Suppose 0 = n*c - 92 - q. What is the tens digit of c?
2
Let i(l) = -2864*l - 3317. What is the tens digit of i(-15)?
4
Let o(s) = -s**3 - 13*s**2 + 10*s - 28. Let m be o(-14). Suppose -45232 + 10820 = -m*g. What is the hundreds digit of g?
2
Let o be (5/4)/((-4)/(-448)). Suppose 2*f = 1230 - o. Suppose 24*y = 19*y + f. What is the units digit of y?
9
Let b be 14/3 - (-5)/15. Suppose 3*v - 1801 = -b*p, -7*v = 5*p - 2*v - 1795. What is the tens digit of p?
6
Let j(p) = 8*p**3 + p**2 + 2*p - 2. Let l be j(1). Let u(c) = -2*c + 18. Let g be u(l). What is the tens digit of (12 - 9) + g + 75?
7
Let j(a) = 2279*a + 3110. What is the hundreds digit of j(18)?
1
Let h = 82 - 83. Let k be (-3)/h*-1 - (-1 - 4). Suppose 2*t = k*a - 408, -4*t + 659 + 388 = 5*a. What is the tens digit of a?
0
Let k = 2562 - 1007. What is the hundreds digit of k?
5
Let g(i) be the second derivative of i**5/20 + 2*i**4/3 - 5*i**3/3 + 13*i**2/2 - 3*i. Suppose 71*w - 65*w = -54. What is the tens digit of g(w)?
2
Suppose -t + 2469 = 2*c - 1351, -c = 4*t - 1917. What is the thousands digit of c?
1
Let v = -7076 + 14957. What is the units digit of v?
1
Let j be (-3 + 3 + 466)/(-12 - -13). Let g = j - 428. What is the units digit of g?
8
Suppose j + 24*v = 28*v + 10609, j + 2*v - 10585 = 0. What is the units digit of j?
3
Let y(f) = -8 - 7 - 40 + 10 + 8*f. Let n be y(6). Suppose -903 = n*t - 10*t. What is the tens digit of t?
2
Let x(s) = -s**3 + 39*s**2 + 31*s - 222. What is the hundreds digit of x(21)?
3
What is the hundreds digit of (2198/(-942))/(1/(-276))?
6
Let g(q) = 62*q + 32. Let a be g(-12). Let b = a - -1199. What is the hundreds digit of b?
4
Suppose s = -0*s. Let m = 71 + -68. Suppose -5*t + 345 = 4*z, 2*t - m + 1 = s. What is the units digit of z?
5
Suppose -1104634 = -18*h - 352684. What is the tens digit of h?
7
Suppose -105 = 7*y - 77. What is the hundreds digit of 2/(y/(-7542)*9)?
4
Suppose 49*u - 47*u - 96558 = 0. Suppose u = 21*l + 12348. What is the thousands digit of l?
1
Suppose -32220 = -4*y - b, 0*y + 8072 = y - 4*b. Suppose 3192 = 8*t - y. What is the tens digit of t/14 + 6/(-14)?
0
Let a(w) = 718*w**3 + 3*w**2 - w + 11. What is the ten thousands digit of a(4)?
4
Suppose 2*g - 7*g + 20895 = 4*w, 2*w - 2*g = 10452. What is the thousands digit of w?
5
Let p = 986 + -2562. Let b = 3376 + p. What is the tens digit of b?
0
Let c be 22695/(-12) + 5 - (-10)/8. Let x = c - -3353. What is the thousands digit of x?
1
Suppose -8*u + 12 = -20. Let k be (u + 205/2)*-20. What is the units digit of 3/(-2)*k/45?
1
Let s = 13 + -10. Suppose -l = -s*l + 3*k + 964, 5*k = l - 475. Let b = l + -314. What is the units digit of b?
1
Let j = -392 - -420. What is the tens digit of -7 + j/21*36?
4
Let l be 3670 - (609/(-105) + (-4)/(-5)). Suppose -5*y - 3*w + l = 0, 5*y + 2*w = 4*w + 3675. What is the units digit of y?
5
Let z = 300 - 424. Let q = z + 1502. What is the hundreds digit of q?
3
Let k be (-2614)/18 + (-26)/(-117). Let q = k + 147. What is the units digit of q?
2
Let b(h) = 16*h + 6. Let w = -78 - -83. Suppose -4*d + 35 = 5*s, 3*s - 8*s = d - w. What is the hundreds digit of b(d)?
1
Let i be (16 - (-8)/(-4)) + -2. Suppose -5*v - 1 + 14 = f, 4*v + i = 2*f. What is the units digit of ((-2)/f)/(4/(-176))?
1
Let r(d) = 20*d**2 - 3*d - 6. Let o be r(-2). Let l = o - 66. Suppose -5*m - 855 = -l*m. What is the units digit of m?
5
Suppose 451 = 38*r - 157. Suppose r*q - 432 = 13*q. What is the hundreds digit of q?
1
Let b(c) = -29*c + 123. Let l be b(20). Let v = l - -802. What is the hundreds digit of v?
3
Let z(d) = 53*d**2 - 1421*d + 2. What is the thousands digit of z(38)?
2
Suppose -3*c + 17 = -y, 4*c = -2*y + y + 18. Suppose -c*i = 5*d - 970, -i = -5*d + 4*i + 990. Let k = d + -76. What is the tens digit of k?
2
What is the units digit of (-16888)/14*(-19 + -23)/6?
4
Let r(a) = 16*a**2 + 21*a - 10. Let k(w) = 3*w**2 + 4*w - 2. Let u(f) = -11*k(f) + 2*r(f). Let b be u(0). Suppose 8 = b*l - 300. What is the tens digit of l?
5
Suppose -4*m - 5*t = -0*t, 5*m + 5*t + 5 = 0. Let j = m - -9. Suppose -65 = -j*o - 13. What is the units digit of o?
3
Let v = 4287 + -3539. What is the hundreds digit of v?
7
Let b(w) = 116*w - 5. Let x be b(2). Let l = x + 157. What is the hundreds digit of l?
3
Let d be 2*(-894)/4 + 7. Let j = 232 - d. What is the hundreds digit of j?
6
What is the units digit of 353990/22 + -19 + (-2795)/(-143)?
1
Let v be (-53)/(-4 + (-57)/(-15)). Suppose -3*b = g - 2*g + v, -8 = 2*b. Suppose w + g = 5*l - 0*w, -149 = -3*l + 2*w. What is the tens digit of l?
5
Suppose -201*f + 205*f - 168320 = -3*d, -2*f + 4*d = -84204. What is the units digit of f?
6
Let t be 3*3/27*-15. What is the hundreds digit of 634 - 0/2 - 2 - t?
6
Let s = 8036 + -97. What is the tens digit of s?
3
Let h be (-280)/46 + 54/621. What is the hundreds digit of 147/(-14)*(2 - (-428)/h)?
7
Let q(v) = -3*v**3 + 42*v**2 - 83*v + 42. Let b(x) = x**3 - 20*x**2 + 42*x - 21. Let d(i) = -5*b(i) - 2*q(i). What is the units digit of d(-15)?
6
Let t(r) = 1594*r - 7975. Let d be t(5). Let l(h) be the first derivative of h**3/3 - 2*h**2 - 4*h + 1. What is the tens digit of l(d)?
4
Suppose 2*f + 11 = 5, -5*f + 24205 = 4*c. What is the tens digit of c?
5
Suppose -4*m - 12 = 5*s - 5*m, 6 = 3*m. What is the units digit of 3/(s - -1) + 480?
7
Let n(f) = -2*f**2 + 10*f - 14. Let t be n(4). Let i(k) = 41*k**2 + 19*k - 16. What is the hundreds digit of i(t)?
3
What is the thousands digit of ((-7307)/(0 + -1))/((-150)/(-450))?
1
Suppose 9*f - 2792 = -173. Suppose 2*i - f - 735 = 0. What is the tens digit of i?
1
Let n(o) = -452*o - 22. What is the hundreds digit of n(-14)?
3
Suppose -7*d + 11*d - 52 = -3*l, 2*d = 4*l - 40. What is the hundreds digit of ((-30)/l)/((-1)/204)?
5
Suppose 4*j + 2*o - 22684 = 0, 3*j - 5*o = -3*o + 17013. What is the units digit of j?
1
Suppose 17305 = 8*x - 14802 - 27869. What is the thousands digit of x?
7
Suppose 0 = -164*q - 186*q + 4618250. What is the tens digit of q?
9
Let w = -126 - -517. Suppose -w = -5*x + 369. What is the tens digit of x?
5
Suppose -5599 - 267697 = -62*p. What is the hundreds digit of p?
4
Let l = 508 - 488. Let i(q) = -q**3 + 23*q**2 - 18*q + 57. What is the units digit of i(l)?
7
Let x(w) = w**2 - 13*w + 19. Let c be x(18). Let a = c + -212. Let z = -53 - a. What is the tens digit of z?
5
Let b(j) = -j - 2. Let a be b(10). Let k be (-1)/(-4) - -1*1539/a. Let f = k + 282. What is the units digit of f?
4
Let c(g) = g**3 - 10*g**2 + 8*g - 20. What is the thousands digit of c(20)?
4
Suppose 4*a + 166441 = 5*o - 33140, 3*o = 2*a + 119751. What is the units digit of o?
1
Suppose -3*b - 6 = 4*a + 6, 5*a - 8 = 2*b. Let x be 3 + -1